est common divisor of 3393 and 117.
117
Calculate the greatest common factor of 76 and 1384.
4
Calculate the greatest common factor of 60 and 960.
60
What is the greatest common factor of 55 and 2959?
11
What is the highest common divisor of 21 and 24?
3
What is the highest common factor of 180 and 2385?
45
Calculate the highest common divisor of 4865 and 595.
35
What is the highest common divisor of 5720 and 1100?
220
Calculate the greatest common factor of 138 and 207.
69
What is the highest common divisor of 90 and 954?
18
What is the highest common factor of 567 and 7?
7
Calculate the greatest common divisor of 782 and 23.
23
Calculate the greatest common factor of 33 and 1074.
3
Calculate the greatest common divisor of 799 and 47.
47
Calculate the highest common divisor of 4 and 261.
1
Calculate the greatest common factor of 8 and 16.
8
Calculate the greatest common divisor of 7514 and 34.
34
Calculate the greatest common factor of 187 and 493.
17
Calculate the greatest common factor of 602 and 28.
14
What is the highest common divisor of 81 and 153?
9
Calculate the greatest common divisor of 28 and 238.
14
Calculate the highest common divisor of 60 and 210.
30
Calculate the highest common factor of 184 and 782.
46
What is the greatest common divisor of 1134 and 810?
162
What is the greatest common divisor of 102 and 6018?
102
Calculate the greatest common divisor of 126 and 4578.
42
Calculate the highest common factor of 42 and 2688.
42
What is the highest common divisor of 45 and 285?
15
Calculate the highest common divisor of 5518 and 124.
62
Calculate the highest common divisor of 117 and 3328.
13
Calculate the greatest common factor of 171 and 5928.
57
Calculate the highest common factor of 284 and 355.
71
Calculate the highest common factor of 87 and 319.
29
What is the greatest common factor of 22 and 1397?
11
What is the highest common factor of 1281 and 21?
21
What is the greatest common factor of 7437 and 777?
111
What is the highest common factor of 70 and 190?
10
Calculate the highest common divisor of 19 and 38.
19
Calculate the highest common factor of 39 and 3.
3
What is the greatest common factor of 800 and 25?
25
What is the greatest common divisor of 518 and 2294?
74
What is the greatest common factor of 40 and 160?
40
What is the highest common factor of 608 and 160?
32
Calculate the highest common divisor of 72 and 45.
9
Calculate the highest common divisor of 205 and 164.
41
What is the highest common divisor of 3127 and 59?
59
What is the highest common factor of 11 and 1265?
11
Calculate the highest common factor of 33 and 231.
33
What is the highest common divisor of 15672 and 8?
8
What is the greatest common divisor of 92 and 1886?
46
What is the highest common divisor of 99 and 1243?
11
Calculate the highest common factor of 7 and 49.
7
Calculate the highest common divisor of 894 and 102.
6
Calculate the greatest common divisor of 10288 and 32.
16
Calculate the highest common divisor of 148 and 11174.
74
Calculate the greatest common divisor of 7 and 1.
1
Calculate the greatest common divisor of 308 and 8.
4
What is the highest common divisor of 8246 and 310?
62
Calculate the greatest common factor of 327 and 1199.
109
What is the greatest common divisor of 800 and 1250?
50
Calculate the greatest common factor of 108 and 999.
27
Calculate the greatest common factor of 120 and 4900.
20
Calculate the highest common divisor of 21 and 57.
3
Calculate the highest common divisor of 136 and 102.
34
What is the highest common factor of 19887 and 42?
21
Calculate the highest common factor of 70 and 6286.
14
Calculate the greatest common divisor of 884 and 8636.
68
Calculate the greatest common factor of 72 and 63.
9
What is the greatest common divisor of 14392 and 252?
28
What is the greatest common divisor of 8631 and 21?
21
Calculate the greatest common divisor of 7 and 623.
7
Calculate the highest common divisor of 2 and 250.
2
What is the greatest common factor of 3 and 3957?
3
Calculate the greatest common factor of 682 and 248.
62
What is the greatest common divisor of 132 and 4785?
33
What is the greatest common factor of 3 and 633?
3
What is the greatest common divisor of 8772 and 12?
12
What is the highest common factor of 283 and 21225?
283
What is the highest common divisor of 16 and 176?
16
Calculate the greatest common divisor of 174 and 290.
58
Calculate the highest common divisor of 477 and 441.
9
What is the highest common factor of 6069 and 28?
7
Calculate the highest common factor of 127 and 3.
1
What is the highest common factor of 360 and 504?
72
Calculate the highest common divisor of 400 and 48.
16
Calculate the highest common factor of 245 and 14.
7
Calculate the greatest common divisor of 273 and 1155.
21
Calculate the greatest common divisor of 782 and 238.
34
Calculate the highest common factor of 32 and 16.
16
Calculate the highest common divisor of 81 and 90.
9
Calculate the highest common divisor of 30 and 40.
10
What is the highest common factor of 188 and 22466?
94
Calculate the greatest common factor of 279 and 3999.
93
What is the highest common factor of 280 and 56?
56
Calculate the greatest common factor of 153 and 9.
9
Calculate the highest common divisor of 1173 and 1587.
69
Calculate the highest common divisor of 1258 and 272.
34
Calculate the highest common factor of 2914 and 94.
94
Calculate the greatest common divisor of 336 and 1792.
112
What is the greatest common factor of 902 and 990?
22
What is the greatest common factor of 8 and 150?
2
What is the highest common divisor of 15 and 80?
5
What is the greatest common divisor of 250 and 75?
25
What is the highest common factor of 19475 and 38?
19
Calculate the greatest common factor of 62 and 10.
2
Calculate the greatest common factor of 102 and 132.
6
Calculate the highest common divisor of 22 and 88.
22
Calculate the greatest common divisor of 48 and 408.
24
What is the highest common divisor of 68 and 4471?
17
What is the greatest common divisor of 527 and 17?
17
What is the highest common divisor of 71 and 71?
71
What is the greatest common divisor of 320 and 80?
80
Calculate the highest common factor of 1080 and 264.
24
What is the highest common factor of 21 and 23877?
21
Calculate the highest common divisor of 132 and 198.
66
Calculate the highest common divisor of 112 and 56.
56
What is the highest common factor of 10 and 215?
5
Calculate the greatest common divisor of 296 and 8.
8
Calculate the highest common factor of 357 and 42.
21
What is the highest common factor of 768 and 192?
192
Calculate the highest common divisor of 87 and 580.
29
What is the highest common divisor of 354 and 236?
118
Calculate the greatest common divisor of 363 and 22.
11
Calculate the highest common factor of 38 and 304.
38
Calculate the highest common divisor of 28 and 154.
14
Calculate the greatest common divisor of 3192 and 48.
24
Calculate the highest common divisor of 19 and 43.
1
Calculate the greatest common factor of 2 and 302.
2
What is the greatest common divisor of 3366 and 2673?
99
What is the greatest common factor of 54 and 86?
2
Calculate the highest common divisor of 1755 and 130.
65
Calculate the highest common divisor of 104 and 741.
13
Calculate the highest common factor of 240 and 2040.
120
What is the highest common divisor of 2736 and 432?
144
Calculate the greatest common factor of 975 and 260.
65
Calculate the highest common factor of 31 and 11129.
31
What is the highest common divisor of 52 and 1196?
52
Calculate the greatest common divisor of 414 and 115.
23
What is the highest common divisor of 12096 and 189?
189
What is the greatest common divisor of 5614 and 14?
14
What is the highest common divisor of 72 and 153?
9
What is the greatest common divisor of 357 and 51?
51
Calculate the highest common divisor of 1496 and 616.
88
What is the greatest common divisor of 60 and 10?
10
What is the greatest common divisor of 1751 and 34?
17
Calculate the highest common factor of 10560 and 33.
33
Calculate the highest common divisor of 5 and 395.
5
Calculate the highest common divisor of 3 and 177.
3
What is the highest common factor of 12 and 21?
3
What is the greatest common factor of 48 and 936?
24
Calculate the highe